[INFO] cloning repository https://github.com/Rexxe/arulite
[INFO] running `Command { std: "git" "-c" "credential.helper=" "-c" "credential.helper=/workspace/cargo-home/bin/git-credential-null" "clone" "--bare" "https://github.com/Rexxe/arulite" "/workspace/cache/git-repos/https%3A%2F%2Fgithub.com%2FRexxe%2Farulite", kill_on_drop: false }`
[INFO] [stderr] Cloning into bare repository '/workspace/cache/git-repos/https%3A%2F%2Fgithub.com%2FRexxe%2Farulite'...
[INFO] running `Command { std: "git" "rev-parse" "HEAD", kill_on_drop: false }`
[INFO] [stdout] 6749b7980e596bd471960999c3272a0c1ce876d1
[INFO] checking Rexxe/arulite against master#cfbc6d4cf1acbac5c025acf8ed68929caa551df3 for pr-75494-beta
[INFO] running `Command { std: "git" "clone" "/workspace/cache/git-repos/https%3A%2F%2Fgithub.com%2FRexxe%2Farulite" "/workspace/builds/worker-5/source", kill_on_drop: false }`
[INFO] [stderr] Cloning into '/workspace/builds/worker-5/source'...
[INFO] [stderr] done.
[INFO] validating manifest of git repo https://github.com/Rexxe/arulite on toolchain cfbc6d4cf1acbac5c025acf8ed68929caa551df3
[INFO] running `Command { std: "/workspace/cargo-home/bin/cargo" "+cfbc6d4cf1acbac5c025acf8ed68929caa551df3" "read-manifest" "--manifest-path" "Cargo.toml", kill_on_drop: false }`
[INFO] started tweaking git repo https://github.com/Rexxe/arulite
[INFO] finished tweaking git repo https://github.com/Rexxe/arulite
[INFO] tweaked toml for git repo https://github.com/Rexxe/arulite written to /workspace/builds/worker-5/source/Cargo.toml
[INFO] crate git repo https://github.com/Rexxe/arulite already has a lockfile, it will not be regenerated
[INFO] running `Command { std: "/workspace/cargo-home/bin/cargo" "+cfbc6d4cf1acbac5c025acf8ed68929caa551df3" "fetch" "--locked" "--manifest-path" "Cargo.toml", kill_on_drop: false }`
[INFO] [stderr]  Downloading crates ...
[INFO] [stderr]   Downloaded glib-sys v0.8.0
[INFO] [stderr]   Downloaded futures-state-stream v0.1.1
[INFO] [stderr]   Downloaded gdk-pixbuf-sys v0.8.0
[INFO] [stderr]   Downloaded gobject-sys v0.8.0
[INFO] [stderr]   Downloaded gdk-pixbuf v0.6.0
[INFO] [stderr]   Downloaded cairo-sys-rs v0.8.0
[INFO] [stderr]   Downloaded gio-sys v0.8.0
[INFO] [stderr]   Downloaded atk v0.6.0
[INFO] [stderr]   Downloaded pango v0.6.0
[INFO] [stderr]   Downloaded winauth v0.0.3
[INFO] [stderr]   Downloaded cairo-rs v0.6.0
[INFO] [stderr]   Downloaded atk-sys v0.8.0
[INFO] [stderr]   Downloaded pango-sys v0.8.0
[INFO] [stderr]   Downloaded tiberius v0.3.2
[INFO] [stderr]   Downloaded gdk-sys v0.8.0
[INFO] [stderr]   Downloaded gio v0.6.0
[INFO] [stderr]   Downloaded glib v0.7.1
[INFO] [stderr]   Downloaded gtk-sys v0.8.0
[INFO] [stderr]   Downloaded gtk v0.6.0
[INFO] [stderr]   Downloaded gdk v0.10.0
[INFO] running `Command { std: "docker" "create" "-v" "/var/lib/crater-agent-workspace/builds/worker-5/target:/opt/rustwide/target:rw,Z" "-v" "/var/lib/crater-agent-workspace/builds/worker-5/source:/opt/rustwide/workdir:ro,Z" "-v" "/var/lib/crater-agent-workspace/cargo-home:/opt/rustwide/cargo-home:ro,Z" "-v" "/var/lib/crater-agent-workspace/rustup-home:/opt/rustwide/rustup-home:ro,Z" "-e" "SOURCE_DIR=/opt/rustwide/workdir" "-e" "CARGO_TARGET_DIR=/opt/rustwide/target" "-e" "CARGO_HOME=/opt/rustwide/cargo-home" "-e" "RUSTUP_HOME=/opt/rustwide/rustup-home" "-w" "/opt/rustwide/workdir" "-m" "1610612736" "--user" "0:0" "--network" "none" "rustops/crates-build-env@sha256:a636fd89d022f18117e1dc8fb37a0a009933cdbbe082814857f0e2024962d47c" "/opt/rustwide/cargo-home/bin/cargo" "+cfbc6d4cf1acbac5c025acf8ed68929caa551df3" "metadata" "--no-deps" "--format-version=1", kill_on_drop: false }`
[INFO] [stdout] 042e5c8a46c2252ba4b7eb5af74df8ac06111b85a22a942975231d32eb21f376
[INFO] [stderr] WARNING: Your kernel does not support swap limit capabilities or the cgroup is not mounted. Memory limited without swap.
[INFO] running `Command { std: "docker" "start" "-a" "042e5c8a46c2252ba4b7eb5af74df8ac06111b85a22a942975231d32eb21f376", kill_on_drop: false }`
[INFO] running `Command { std: "docker" "inspect" "042e5c8a46c2252ba4b7eb5af74df8ac06111b85a22a942975231d32eb21f376", kill_on_drop: false }`
[INFO] running `Command { std: "docker" "rm" "-f" "042e5c8a46c2252ba4b7eb5af74df8ac06111b85a22a942975231d32eb21f376", kill_on_drop: false }`
[INFO] [stdout] 042e5c8a46c2252ba4b7eb5af74df8ac06111b85a22a942975231d32eb21f376
[INFO] running `Command { std: "docker" "create" "-v" "/var/lib/crater-agent-workspace/builds/worker-5/target:/opt/rustwide/target:rw,Z" "-v" "/var/lib/crater-agent-workspace/builds/worker-5/source:/opt/rustwide/workdir:ro,Z" "-v" "/var/lib/crater-agent-workspace/cargo-home:/opt/rustwide/cargo-home:ro,Z" "-v" "/var/lib/crater-agent-workspace/rustup-home:/opt/rustwide/rustup-home:ro,Z" "-e" "SOURCE_DIR=/opt/rustwide/workdir" "-e" "CARGO_TARGET_DIR=/opt/rustwide/target" "-e" "CARGO_INCREMENTAL=0" "-e" "RUST_BACKTRACE=full" "-e" "RUSTFLAGS=--cap-lints=forbid" "-e" "CARGO_HOME=/opt/rustwide/cargo-home" "-e" "RUSTUP_HOME=/opt/rustwide/rustup-home" "-w" "/opt/rustwide/workdir" "-m" "1610612736" "--user" "0:0" "--network" "none" "rustops/crates-build-env@sha256:a636fd89d022f18117e1dc8fb37a0a009933cdbbe082814857f0e2024962d47c" "/opt/rustwide/cargo-home/bin/cargo" "+cfbc6d4cf1acbac5c025acf8ed68929caa551df3" "check" "--frozen" "--all" "--all-targets" "--message-format=json", kill_on_drop: false }`
[INFO] [stdout] 508e02e198f47b764914c8c3dd05c92a938c5a42b9b8c4815629a61921d1b722
[INFO] [stderr] WARNING: Your kernel does not support swap limit capabilities or the cgroup is not mounted. Memory limited without swap.
[INFO] running `Command { std: "docker" "start" "-a" "508e02e198f47b764914c8c3dd05c92a938c5a42b9b8c4815629a61921d1b722", kill_on_drop: false }`
[INFO] [stderr]    Compiling pkg-config v0.3.14
[INFO] [stderr]    Compiling gio v0.6.0
[INFO] [stderr]    Compiling pango v0.6.0
[INFO] [stderr]    Compiling gdk-pixbuf v0.6.0
[INFO] [stderr]     Checking fragile v0.3.0
[INFO] [stderr]    Compiling cairo-rs v0.6.0
[INFO] [stderr]    Compiling atk v0.6.0
[INFO] [stderr]    Compiling gdk v0.10.0
[INFO] [stderr]    Compiling gtk v0.6.0
[INFO] [stderr]     Checking scoped-tls v0.1.2
[INFO] [stderr]     Checking tokio-trace-core v0.2.0
[INFO] [stderr]     Checking futures-state-stream v0.1.1
[INFO] [stderr]     Checking tokio-sync v0.1.6
[INFO] [stderr]     Checking tokio-executor v0.1.7
[INFO] [stderr]    Compiling parking_lot_core v0.4.0
[INFO] [stderr]     Checking rand_chacha v0.1.1
[INFO] [stderr]     Checking num_cpus v1.10.0
[INFO] [stderr]     Checking rand v0.4.6
[INFO] [stderr]     Checking bytes v0.4.12
[INFO] [stderr]     Checking tokio-current-thread v0.1.6
[INFO] [stderr]     Checking tokio-timer v0.2.11
[INFO] [stderr]     Checking rand v0.6.5
[INFO] [stderr]    Compiling glib-sys v0.8.0
[INFO] [stderr]    Compiling gobject-sys v0.8.0
[INFO] [stderr]    Compiling gio-sys v0.8.0
[INFO] [stderr]    Compiling pango-sys v0.8.0
[INFO] [stderr]    Compiling gdk-pixbuf-sys v0.8.0
[INFO] [stderr]    Compiling cairo-sys-rs v0.8.0
[INFO] [stderr]    Compiling gdk-sys v0.8.0
[INFO] [stderr]    Compiling atk-sys v0.8.0
[INFO] [stderr]    Compiling gtk-sys v0.8.0
[INFO] [stderr]     Checking tokio-io v0.1.12
[INFO] [stderr]     Checking winauth v0.0.3
[INFO] [stderr]     Checking tokio-codec v0.1.1
[INFO] [stderr]     Checking glib v0.7.1
[INFO] [stderr]     Checking tokio-threadpool v0.1.14
[INFO] [stderr]     Checking parking_lot v0.7.1
[INFO] [stderr]     Checking tokio-fs v0.1.6
[INFO] [stderr]     Checking tokio-reactor v0.1.9
[INFO] [stderr]     Checking tokio-udp v0.1.3
[INFO] [stderr]     Checking tokio-uds v0.2.5
[INFO] [stderr]     Checking tokio-tcp v0.1.3
[INFO] [stderr]     Checking tokio v0.1.21
[INFO] [stderr]     Checking tokio-core v0.1.17
[INFO] [stderr]     Checking tiberius v0.3.2
[INFO] [stderr]     Checking arulite v0.1.0 (/opt/rustwide/workdir)
[INFO] [stdout] error[E0432]: unresolved import `gtk::TreeView`
[INFO] [stdout]   --> src/main.rs:12:10
[INFO] [stdout]    |
[INFO] [stdout] 12 | use gtk::TreeView::*;
[INFO] [stdout]    |          ^^^^^^^^ `TreeView` is a struct, not a module
[INFO] [stdout] 
[INFO] [stdout] 
[INFO] [stdout] error[E0432]: unresolved import `gtk::TreeView`
[INFO] [stdout]   --> src/main.rs:12:10
[INFO] [stdout]    |
[INFO] [stdout] 12 | use gtk::TreeView::*;
[INFO] [stdout]    |          ^^^^^^^^ `TreeView` is a struct, not a module
[INFO] [stdout] 
[INFO] [stdout] 
[INFO] [stdout] error[E0599]: no method named `set_resizable` found for struct `gtk::TreeView` in the current scope
[INFO] [stdout]    --> src/main.rs:63:14
[INFO] [stdout]     |
[INFO] [stdout] 63  |     treeview.set_resizable(true);
[INFO] [stdout]     |              ^^^^^^^^^^^^^ method not found in `gtk::TreeView`
[INFO] [stdout]     | 
[INFO] [stdout]    ::: /opt/rustwide/cargo-home/registry/src/github.com-1ecc6299db9ec823/glib-0.7.1/src/object.rs:384:9
[INFO] [stdout]     |
[INFO] [stdout] 384 |         pub struct $name($crate::object::ObjectRef, ::std::marker::PhantomData<$ffi_name>);
[INFO] [stdout]     |         -----------------------------------------------------------------------------------
[INFO] [stdout]     |         |
[INFO] [stdout]     |         doesn't satisfy `gtk::TreeView: gtk::GtkWindowExt`
[INFO] [stdout]     |         doesn't satisfy `gtk::TreeView: gtk::IsA<gtk::TreeViewColumn>`
[INFO] [stdout]     |         doesn't satisfy `gtk::TreeView: gtk::IsA<gtk::Window>`
[INFO] [stdout]     |         doesn't satisfy `gtk::TreeView: gtk::TreeViewColumnExt`
[INFO] [stdout]     |
[INFO] [stdout]     = note: the method `set_resizable` exists but the following trait bounds were not satisfied:
[INFO] [stdout]             `gtk::TreeView: gtk::IsA<gtk::TreeViewColumn>`
[INFO] [stdout]             which is required by `gtk::TreeView: gtk::TreeViewColumnExt`
[INFO] [stdout]             `gtk::TreeView: gtk::IsA<gtk::Window>`
[INFO] [stdout]             which is required by `gtk::TreeView: gtk::GtkWindowExt`
[INFO] [stdout] 
[INFO] [stdout] 
[INFO] [stdout] error[E0599]: no method named `set_resizable` found for struct `gtk::TreeView` in the current scope
[INFO] [stdout]    --> src/main.rs:63:14
[INFO] [stdout]     |
[INFO] [stdout] 63  |     treeview.set_resizable(true);
[INFO] [stdout]     |              ^^^^^^^^^^^^^ method not found in `gtk::TreeView`
[INFO] [stdout]     | 
[INFO] [stdout]    ::: /opt/rustwide/cargo-home/registry/src/github.com-1ecc6299db9ec823/glib-0.7.1/src/object.rs:384:9
[INFO] [stdout]     |
[INFO] [stdout] 384 |         pub struct $name($crate::object::ObjectRef, ::std::marker::PhantomData<$ffi_name>);
[INFO] [stdout]     |         -----------------------------------------------------------------------------------
[INFO] [stdout]     |         |
[INFO] [stdout]     |         doesn't satisfy `gtk::TreeView: gtk::GtkWindowExt`
[INFO] [stdout]     |         doesn't satisfy `gtk::TreeView: gtk::IsA<gtk::TreeViewColumn>`
[INFO] [stdout]     |         doesn't satisfy `gtk::TreeView: gtk::IsA<gtk::Window>`
[INFO] [stdout]     |         doesn't satisfy `gtk::TreeView: gtk::TreeViewColumnExt`
[INFO] [stdout]     |
[INFO] [stdout]     = note: the method `set_resizable` exists but the following trait bounds were not satisfied:
[INFO] [stdout]             `gtk::TreeView: gtk::IsA<gtk::TreeViewColumn>`
[INFO] [stdout]             which is required by `gtk::TreeView: gtk::TreeViewColumnExt`
[INFO] [stdout]             `gtk::TreeView: gtk::IsA<gtk::Window>`
[INFO] [stdout]             which is required by `gtk::TreeView: gtk::GtkWindowExt`
[INFO] [stdout] 
[INFO] [stdout] 
[INFO] [stdout] error: aborting due to 2 previous errors
[INFO] [stdout] 
[INFO] [stdout] 
[INFO] [stdout] Some errors have detailed explanations: E0432, E0599.
[INFO] [stdout] 
[INFO] [stdout] For more information about an error, try `rustc --explain E0432`.
[INFO] [stdout] 
[INFO] [stdout] error: aborting due to 2 previous errors
[INFO] [stdout] 
[INFO] [stdout] 
[INFO] [stderr] error: could not compile `arulite`.
[INFO] [stdout] Some errors have detailed explanations: E0432, E0599.
[INFO] [stdout] 
[INFO] [stderr] 
[INFO] [stdout] For more information about an error, try `rustc --explain E0432`.
[INFO] [stdout] 
[INFO] [stderr] To learn more, run the command again with --verbose.
[INFO] [stderr] warning: build failed, waiting for other jobs to finish...
[INFO] [stderr] error: build failed
[INFO] running `Command { std: "docker" "inspect" "508e02e198f47b764914c8c3dd05c92a938c5a42b9b8c4815629a61921d1b722", kill_on_drop: false }`
[INFO] running `Command { std: "docker" "rm" "-f" "508e02e198f47b764914c8c3dd05c92a938c5a42b9b8c4815629a61921d1b722", kill_on_drop: false }`
[INFO] [stdout] 508e02e198f47b764914c8c3dd05c92a938c5a42b9b8c4815629a61921d1b722
